is the highest common divisor of 17 and 1241?
17
What is the highest common factor of 4988 and 258?
86
What is the highest common factor of 93 and 992?
31
What is the greatest common divisor of 41 and 1025?
41
Calculate the highest common divisor of 38 and 4427.
19
Calculate the greatest common divisor of 71 and 11218.
71
Calculate the highest common factor of 1541 and 23.
23
Calculate the greatest common factor of 4847 and 185.
37
Calculate the greatest common divisor of 29295 and 189.
189
Calculate the highest common factor of 1551 and 66.
33
What is the greatest common factor of 14826 and 42?
42
What is the highest common divisor of 64 and 3?
1
What is the highest common divisor of 145 and 55?
5
What is the greatest common divisor of 24 and 7?
1
Calculate the highest common divisor of 277 and 7.
1
What is the greatest common divisor of 848 and 320?
16
What is the highest common divisor of 8 and 96?
8
Calculate the greatest common factor of 22 and 4741.
11
What is the greatest common factor of 11562 and 705?
141
What is the highest common factor of 888 and 84?
12
Calculate the greatest common factor of 289 and 1037.
17
Calculate the greatest common divisor of 392 and 76.
4
Calculate the highest common factor of 19 and 16777.
19
What is the highest common divisor of 1209 and 372?
93
What is the greatest common divisor of 20 and 128?
4
What is the highest common factor of 319 and 44?
11
What is the highest common divisor of 414 and 6?
6
What is the highest common factor of 4756 and 232?
116
Calculate the highest common divisor of 25 and 3425.
25
Calculate the highest common divisor of 240 and 432.
48
What is the greatest common divisor of 14 and 2674?
14
Calculate the highest common factor of 91 and 689.
13
Calculate the highest common divisor of 7924 and 28.
28
Calculate the greatest common factor of 112 and 48.
16
Calculate the greatest common divisor of 42 and 21966.
42
What is the greatest common factor of 9 and 21?
3
Calculate the highest common divisor of 12 and 1.
1
What is the highest common divisor of 504 and 3192?
168
What is the highest common divisor of 1802 and 424?
106
What is the greatest common factor of 437 and 23?
23
Calculate the greatest common divisor of 561 and 57.
3
What is the highest common divisor of 504 and 2898?
126
Calculate the highest common divisor of 3429 and 108.
27
Calculate the greatest common factor of 1720 and 40.
40
Calculate the highest common divisor of 1442 and 309.
103
Calculate the greatest common divisor of 496 and 12.
4
Calculate the greatest common factor of 27 and 13257.
27
What is the greatest common factor of 3432 and 66?
66
What is the highest common factor of 51 and 4947?
51
Calculate the highest common divisor of 184 and 20240.
184
What is the greatest common divisor of 104 and 54912?
104
Calculate the highest common factor of 28519 and 79.
79
Calculate the greatest common divisor of 35 and 40.
5
Calculate the highest common divisor of 2660 and 14.
14
Calculate the greatest common divisor of 106 and 3392.
106
Calculate the highest common factor of 13950 and 248.
62
Calculate the greatest common divisor of 1162 and 14.
14
What is the highest common divisor of 10 and 130?
10
What is the greatest common divisor of 40 and 16?
8
Calculate the greatest common factor of 66 and 138.
6
Calculate the greatest common divisor of 84 and 2205.
21
What is the greatest common divisor of 73 and 3?
1
What is the greatest common divisor of 42 and 24?
6
What is the highest common factor of 1991 and 209?
11
What is the greatest common divisor of 338 and 104?
26
What is the highest common factor of 17 and 99?
1
What is the highest common divisor of 16 and 176?
16
What is the highest common factor of 250 and 1270?
10
What is the greatest common divisor of 176 and 512?
16
What is the greatest common factor of 7648 and 32?
32
What is the highest common divisor of 556 and 8479?
139
Calculate the highest common factor of 129 and 6.
3
Calculate the greatest common divisor of 1820 and 1260.
140
Calculate the highest common divisor of 3228 and 108.
12
Calculate the greatest common factor of 3 and 71.
1
What is the highest common factor of 82 and 246?
82
What is the greatest common factor of 237 and 3?
3
Calculate the greatest common divisor of 1392 and 192.
48
What is the highest common divisor of 16 and 48?
16
What is the greatest common factor of 5 and 265?
5
What is the greatest common factor of 238 and 42?
14
Calculate the highest common factor of 26 and 2093.
13
What is the highest common divisor of 234 and 286?
26
What is the greatest common factor of 228 and 12?
12
What is the highest common divisor of 14728 and 56?
56
What is the greatest common factor of 60 and 108?
12
Calculate the highest common divisor of 4 and 108.
4
What is the highest common factor of 224 and 70?
14
Calculate the greatest common factor of 21 and 189.
21
Calculate the greatest common factor of 904 and 72.
8
What is the greatest common divisor of 19 and 133?
19
What is the greatest common factor of 84 and 852?
12
Calculate the greatest common divisor of 16852 and 44.
44
Calculate the highest common factor of 6 and 142.
2
Calculate the highest common divisor of 245 and 175.
35
What is the highest common divisor of 1407 and 1029?
21
Calculate the greatest common divisor of 590 and 45.
5
What is the highest common factor of 322 and 2338?
14
Calculate the highest common factor of 32 and 352.
32
What is the greatest common factor of 6 and 9?
3
Calculate the greatest common divisor of 51 and 5457.
51
What is the highest common divisor of 36 and 22?
2
Calculate the highest common divisor of 41 and 328.
41
Calculate the highest common factor of 169 and 117.
13
What is the greatest common divisor of 1449 and 552?
69
Calculate the highest common divisor of 152 and 29108.
76
What is the highest common divisor of 22 and 2013?
11
Calculate the greatest common divisor of 24 and 62.
2
What is the highest common divisor of 7 and 1701?
7
What is the highest common divisor of 81 and 84?
3
Calculate the highest common divisor of 400 and 1250.
50
What is the greatest common divisor of 22 and 297?
11
Calculate the greatest common factor of 344 and 215.
43
Calculate the greatest common divisor of 54 and 12.
6
Calculate the highest common factor of 99 and 55.
11
What is the highest common factor of 268 and 7906?
134
Calculate the highest common factor of 280 and 35.
35
Calculate the greatest common factor of 1408 and 10736.
176
Calculate the greatest common divisor of 825 and 75.
75
Calculate the greatest common factor of 7 and 224.
7
What is the highest common factor of 7298 and 246?
82
What is the greatest common divisor of 70 and 1610?
70
Calculate the greatest common factor of 7 and 189.
7
What is the highest common factor of 248 and 1054?
62
Calculate the greatest common factor of 50 and 190.
10
What is the greatest common divisor of 2238 and 12?
6
What is the highest common divisor of 238 and 136?
34
Calculate the highest common factor of 3878 and 42.
14
What is the greatest common divisor of 290 and 6322?
58
What is the highest common divisor of 29 and 1189?
29
What is the highest common factor of 36 and 39132?
36
Calculate the greatest common factor of 405 and 15.
15
Calculate the greatest common divisor of 64 and 168.
8
What is the greatest common factor of 3146 and 2178?
242
What is the highest common factor of 38 and 6878?
38
What is the highest common factor of 820 and 20?
20
What is the greatest common factor of 9 and 9?
9
Calculate the greatest common divisor of 584 and 8.
8
Calculate the highest common divisor of 665 and 35.
35
What is the highest common factor of 128 and 544?
32
Calculate the greatest common divisor of 168 and 1134.
42
Calculate the highest common factor of 2254 and 230.
46
What is the greatest common factor of 7524 and 231?
33
What is the highest common divisor of 36 and 18?
18
What is the highest common factor of 380 and 2375?
95
Calculate the highest common divisor of 1250 and 400.
50
Calculate the greatest common divisor of 1034 and 47.
47
Calculate the highest common factor of 49 and 21.
7
Calculate the greatest common factor of 1375 and 187.
11
What is the greatest common factor of 280 and 5560?
40
What is the highest co